, what is -6 + -24d7fdb?
-24d7fe1
In base 2, what is -100101100 - 110100110010011101?
-110100110111001001
In base 13, what is 11c9b842 + -3?
11c9b83c
In base 11, what is -3323020 + -1?
-3323021
In base 6, what is 32522 + -11141?
21341
In base 14, what is -111 + -2671a?
-2682b
In base 8, what is -1217237056 - 1?
-1217237057
In base 2, what is -100101111100010000001101 + -1001?
-100101111100010000010110
In base 12, what is 5 - 201079?
-201074
In base 16, what is 2f873 - -7d7?
3004a
In base 7, what is -13 + 1052423604?
1052423561
In base 13, what is -6c35673 + 3?
-6c35670
In base 2, what is 1100000101111 + -101001110010001?
-11101101100010
In base 6, what is -2112115 - 53155?
-2205314
In base 5, what is 3 - -1430401213?
1430401221
In base 15, what is -147cba2 - -2?
-147cba0
In base 10, what is -2287 + 21125?
18838
In base 16, what is -22ac416 + a?
-22ac40c
In base 6, what is 1325453042 - -1?
1325453043
In base 12, what is -3 + 9857703?
9857700
In base 16, what is -646 - 3a36b?
-3a9b1
In base 10, what is 11505 - -9070?
20575
In base 4, what is 102233110 + -1313?
102231131
In base 5, what is -22241432132 + 110?
-22241432022
In base 4, what is -23302001 + 1131?
-23300210
In base 14, what is a43a753 + 0?
a43a753
In base 4, what is 23031 - -1213002?
1302033
In base 3, what is 211202 - 220012002?
-212100100
In base 12, what is a3bb6 + -1b?
a3b97
In base 12, what is -114b066 + 2?
-114b064
In base 10, what is 18 + -16909?
-16891
In base 3, what is 201211220 + -12111?
201122102
In base 8, what is 37 + 31660?
31717
In base 15, what is -281710 + 1?
-28170e
In base 12, what is -67 + 1b54130?
1b54085
In base 5, what is 1141 + -343011232?
-343010041
In base 12, what is 18 + -172a46?
-172a2a
In base 7, what is 11553144 - -10?
11553154
In base 6, what is 101 - 105141424?
-105141323
In base 14, what is -3 + -8a58198?
-8a5819b
In base 12, what is 854107 - 9?
8540ba
In base 7, what is -162110 - -114551?
-44226
In base 9, what is 2723575 + -186?
2723378
In base 3, what is -111222112010000220 - -2?
-111222112010000211
In base 8, what is 1145500 - 15?
1145463
In base 10, what is -4885506 + 2?
-4885504
In base 6, what is -2350 - -350020?
343230
In base 7, what is 251 - -1210410?
1210661
In base 13, what is 82 + 46722?
467a4
In base 10, what is 912 + -228?
684
In base 13, what is 9 - -254979?
254985
In base 2, what is 11010110100011000000100000110 - -1?
11010110100011000000100000111
In base 4, what is 10 - 11211123030123?
-11211123030113
In base 15, what is 5358 + ab1a?
10e73
In base 16, what is 55b9 + -b60?
4a59
In base 10, what is 2 - -65837220?
65837222
In base 14, what is 6a55b30 - 6?
6a55b28
In base 10, what is 365 - 71188?
-70823
In base 11, what is 6 + 1374504?
137450a
In base 8, what is -2335 + -245432?
-247767
In base 7, what is 115235601 + 13?
115235614
In base 14, what is 87a + 31d9c?
32838
In base 7, what is 52 - -5261633?
5262015
In base 7, what is 364 + 2660411?
2661105
In base 8, what is -11 + -204354?
-204365
In base 9, what is 16228232 - 2?
16228230
In base 14, what is 1a391 + -1032?
1935d
In base 4, what is -10233313 - -30131?
-10203122
In base 12, what is -b9a - -207?
-993
In base 2, what is 10010111 - -100101110000000?
100110000010111
In base 7, what is 65503 + -14333?
51140
In base 15, what is -13a4162 - 3?
-13a4165
In base 5, what is -244021312 + 12?
-244021300
In base 11, what is -4005a0 - -17a?
-400421
In base 7, what is -6 + -1103340?
-1103346
In base 15, what is -13b1 + 4194e?
4058d
In base 15, what is 38b8e5 + -5?
38b8e0
In base 4, what is 213000113 + 1323?
213002102
In base 10, what is 12 + 12148880?
12148892
In base 7, what is -4 + 365155265?
365155261
In base 12, what is -b47b + 14a76?
55b7
In base 7, what is -10 + 26004065?
26004055
In base 15, what is -1685a4c + 4?
-1685a48
In base 9, what is 52 + 104321306?
104321358
In base 2, what is -10000 - 1111011100100110010010?
-1111011100100110100010
In base 12, what is 221a5985 + -4?
221a5981
In base 8, what is -66410 - 15654?
-104264
In base 13, what is 4 - 168a53?
-168a4c
In base 13, what is -5 - 635a81?
-635a86
In base 2, what is 100101111011010000100 + -11110110?
100101111010110001110
In base 2, what is -11101001010011000010111 - -101110?
-11101001010010111101001
In base 2, what is 100 + 11110101100000100100100100?
11110101100000100100101000
In base 10, what is -26165 - -673?
-25492
In base 8, what is -511031 + -431?
-511462
In base 7, what is 4 - -2325132243?
2325132250
In base 7, what is -5 - 135263014?
-135263022
In base 16, what is -d5b4d + -42?
-d5b8f
In base 5, what is -302044340 + 101?
-302044234
In base 16, what is -294dd - 29?
-29506
In base 12, what is -12 - -2a9185?
2a9173
In base 2, what is -10101011111001 + -10101101001100?
-101011001000101
In base 10, what is -16 - -319653?
319637
In base 2, what is 11 + 1000010101011011100111001?
1000010101011011100111100
In base 15, what is -1784 + -4cd7?
-656b
In base 3, what is 220 - -2101102112002011?
2101102112010001
In base 3, what is 10 - 10221121121210210?
-10221121121210200
In base 3, what is -110 - 10122200202101?
-10122200202211
In base 15, what is 2b + -26ba54b?
-26ba520
In base 9, what is 47881 + -20221?
27660
In base 11, what is -24365 + 106?
-2425a
In base 9, what is 13507 + 1155?
14663
In base 14, what is 523888 - -a?
523894
In base 16, what is -3 + 111be0?
111bdd
In base 12, what is 42873 + -721?
42152
In base 2, what is -110 + -100010010001010001011?
-100010010001010010001
In base 6, what is -1045 - 25445225?
-25450314
In base 6, what is -1021550342132 - -2?
-1021550342130
In base 13, what is 17322 - -556?
17878
In base 13, what is 53347 + 5?
5334c
In base 5, what is 22120 - -3120402?
3143022
In base 16, what is -376 + -28da?
-2c50
In base 8, what is 347 + -377517?
-377150
In base 10, what is -30428 - -931?
-29497
In base 8, what is -22367 + -177?
-22566
In base 12, what is 2074945 - 4?
2074941
In base 11, what is 15347603 + 4?
15347607
In base 13, what is -aa6079 - -c?
-aa606a
In base 4, what is -20221122 - 11032?
-20232220
In base 5, what is 22241223 - -144?
22241422
In base 5, what is 1413121 - 21034?
1342032
In base 8, what is 514 + 752737?
753453
In base 3, what is -10 + 1110012202120010?
1110012202120000
In base 9, what is 10 - -73563680?
73563700
In base 15, what is -d81 - -45a?
-926
In base 13, what is -4 - 6265b5c?
-6265b63
In base 13, what is 17a70 - -2882?
1a622
In base 10, what is 39313793 - 0?
39313793
In base 13, what is 33489852 + 3?
33489855
In base 13, what is -43a7b8c - -4?
-43a7b88
In base 10, what is -7 - -14305234?
14305227
In base 13, what is 12ca2 + -115b?
11b44
In base 13, what is 1093 + -236b2?
-2261c
In base 8, what is -157116710 + 0?
-157116710
In base 11, what is 1a4608a + -57?
1a46033
In base 8, what is 1775165 - 271?
1774674
In base 4, what is 33303 - 1300122233?
-1300022330
In base 10, what is 190044 + -12?
190032
In base 7, what is 505 + 31364431?
31365236
In base 13, what is 11 + 867542?
867553
In base 11, what is -10a51 + -54a?
-114a0
In base 2, what is -101010000010 + -1100001100011?
-10001011100101
In base 8, what is -2156776 + -77?
-2157075
In base 10, what is 57689362 - -1?
57689363
In base 4, what is 310213102122 - 11?
310213102111
In base 8, what is -640253 - -104?
-640147
In base 3, what is -2202201001 + 110?
-2202200121
In base 6, what is 1 + -3055104515?
-3055104514
In base 8, what is 2 + -2255133?
-2255131
In base 7, what is 2020 + -100261?
-65241
In base 8, what is 17721733 - -3?
17721736
In base 13, what is 0 + -c6351b2?
-c6351b2
In base 3, what is 21222022011100 + -12?
21222022011011
In base 15, what is -16494085 + -4?
-16494089
In base 16, what is -3 + e23bae?
e23bab
In base 12, what is 85a8 + -597b?
2829
In base 8, what is -3 - -2155032?
2155027
In base 10, what is 6902 - -2582?
9484
In base 7, what is 4 + 1300524162?
1300524166
In base 13, what is 3 - -326085b?
3260861
In base 12, what is -56798a + 5?
-567985
In base 4, what is 33012310323 + -2122?
33012302201
In base 3, what is -102202022 - -120021?
-102012001
In base 13, what is 0 + -3037948?
-3037948
In base 15, what is -16 + -3417d?
-34194
In base 15, what is 37 + c12d2?
c1319
In base 9, what is 35143873 - -2?
35143875
In base 14, what is b2a9d + -45?
b2a58
In base 11, what is 7a - -4103a?
41109
In base 14, what is -2